t s = 496 + r. What are the prime factors of s?
353
Let l(i) = -135*i + 5. Let n = 182 - 186. What are the prime factors of l(n)?
5, 109
Suppose 594*k - 606*k + 44868 = 0. What are the prime factors of k?
3739
Suppose -2 = 3*v + 5*h, 4*h = -5*v + 8*v + 20. Let p(x) = 18*x**2 - 11*x - 6. List the prime factors of p(v).
2, 163
Suppose 0 = 39*m - 43*m - 8*o + 89840, 2*m + 3*o - 44922 = 0. What are the prime factors of m?
2, 3, 13
Suppose -7762 = -8*d - 466. Let t = -139 + d. What are the prime factors of t?
773
Let q = 55516 + -24762. What are the prime factors of q?
2, 15377
Let h = -2640 - -1474. Let q = 1722 + h. List the prime factors of q.
2, 139
Let u(d) = -2*d**3 + 6*d + 1. Let b = 31 - 35. Let h be u(b). Let z = 170 - h. List the prime factors of z.
5, 13
Let f(u) = -689*u + 1241. List the prime factors of f(-21).
2, 5, 1571
Let u = 18386 + -8466. List the prime factors of u.
2, 5, 31
Let h(i) be the third derivative of -i**6/120 + i**5/60 + 19*i**4/24 - 5*i**3/3 + 18*i**2 + 2*i. What are the prime factors of h(-9)?
17, 37
Let w(i) be the third derivative of i**6/40 + i**5/12 - 25*i**4/24 + 11*i**3/6 - 30*i**2 - 3*i. List the prime factors of w(6).
13, 53
Let h = 333 + -326. Suppose 9*x = -h*x + 9520. List the prime factors of x.
5, 7, 17
Suppose -98 = 2*r - 2*s, 2*s = -2*r - 0*s - 90. Let f = r - -59. Suppose 0 = -9*b + f*b - 315. List the prime factors of b.
3, 5, 7
Let h = 11268 - 7172. What are the prime factors of h?
2
Suppose d - 4*b - 13 = 0, -b + 3 = d - 0. Suppose h = 4*x - 3296 + 177, 2*x - d*h = 1555. What are the prime factors of x?
2, 3, 5, 13
Let g = -12183 + 14405. List the prime factors of g.
2, 11, 101
Suppose z + 30 = 34. Suppose -z*w + 16 = -w + 4*u, -5*w - u + 38 = 0. What are the prime factors of 0 + 0 + 472/w?
59
Let w = -2410 - -2419. Let i(o) = o**3 - 8*o**2 + 6*o + 7. Let n be i(7). Suppose -w*s - 173 + 695 = n. What are the prime factors of s?
2, 29
Let h(o) = -263*o + 17. Let r be h(-2). Suppose 4*q + 3*y = 553, -2*y - 3*y + r = 4*q. List the prime factors of q.
2, 71
Suppose 2*q + 3*a - 4419 = 0, -21*q - 8843 = -25*q - a. Let i = q - 1302. List the prime factors of i.
3, 101
Let f(c) = 1497*c**2 + 430*c + 863. List the prime factors of f(-2).
3, 1997
Suppose 0 = -5*x + 22 + 78. Suppose 0 = -21*k + x*k + 240. Let l = -159 + k. List the prime factors of l.
3
Let r be (-4)/8 - (3 - (-22)/(-4)). What are the prime factors of (-417)/(1*(r - (1 + 2)))?
3, 139
Let b = 23219 - 1631. List the prime factors of b.
2, 3, 7, 257
Let y = -40 - -33. List the prime factors of y/((-7)/246) - (17 - 22).
251
Let y = 3434 - 1520. Suppose -4*c - 1926 = -3*k - c, -3*k - c = -y. What are the prime factors of k?
3, 71
List the prime factors of 5 + (-6 - -11)*(-28986)/(-15).
7, 1381
Let k = 27 + -27. Suppose 2*o = 4*o + w - 4, k = -o + 3*w + 9. Suppose -87 = -o*i + 159. List the prime factors of i.
2, 41
Let f(n) be the second derivative of 0 + 4/3*n**3 - 32*n - 27/2*n**2. What are the prime factors of f(21)?
3, 47
Suppose 12*t = 4*t + 120. Suppose -2*q - t = -369. Let w = q - 13. List the prime factors of w.
2, 41
Let i be 10/3*54/36. Suppose 0 = -c - 4*w - 4, i*c = 2*w - 7*w - 5. Suppose 194 = m - 0*x - 2*x, -4*m - 3*x + 721 = c. List the prime factors of m.
2, 23
Suppose -133*y + 13655682 = 219*y - 7676574. List the prime factors of y.
3, 20201
Let h be 1/(-3 + 2) + 3. Suppose 0 = h*a - 2 - 2. Suppose 684 = 3*l - a*r, -r + 1 = 4. List the prime factors of l.
2, 113
Let r(l) = -593*l - 347. Let s be r(-9). Let j = -3099 + s. List the prime factors of j.
31, 61
Let d(p) = 2*p**3 + 127*p**2 - 95*p + 116. What are the prime factors of d(-64)?
2, 3, 5, 7
Let u be ((-3)/6)/((-12)/(-14976)). Let x = -333 - u. What are the prime factors of x?
3, 97
Suppose -13*u - 29958 = -16*u. What are the prime factors of u?
2, 4993
Suppose 939 = 3*m - 3*i, 3*m - 4*m = i - 315. Let r = 541 - m. List the prime factors of r.
227
Suppose -48*j + 67*j - 156921 = 0. List the prime factors of j.
3, 2753
Suppose 0 = -3*h - 5*c - 225, c + 1 = h + 68. Let i = 292 + h. List the prime factors of i.
2, 3, 37
Let n(v) = -661*v - 1094. List the prime factors of n(-6).
2, 359
Let m(z) = -z**2 + 2*z + 4. Let l be m(0). Suppose -l*u + 5*w + 4300 = 0, 5*u - w = -6*w + 5330. List the prime factors of u.
2, 5, 107
What are the prime factors of (24927 - (4 - 5)) + (-14 + -28)/7?
2, 17, 733
Let p(m) = -2*m**2 - 13*m - 90. Let b be p(-30). Let g = 349 - b. List the prime factors of g.
43
Let l = -5658 + 14885. List the prime factors of l.
9227
Let j(r) = r**2 + 16*r + 26. Let w = 301 - 198. Let k = 83 - w. List the prime factors of j(k).
2, 53
Let c = -775 + 643. List the prime factors of ((-44)/c)/((-1)/(-783 + 0)).
3, 29
List the prime factors of (-24)/12 + (27 + -13)/((-1)/(-1324)).
2, 3, 3089
Let q = -932 + 8237. Suppose 3*d - q = -2*v - 2057, 4*v + 7004 = 4*d. What are the prime factors of d?
2, 5, 7
Suppose 0 = 7*o - 50355 + 2053 - 25548. List the prime factors of o.
2, 5, 211
Suppose -156 = -3*r + 12. Suppose -g + 1 = 4, 2*c + g - 1 = 0. Suppose -88 = -c*w - 4*j, -w + r = -0*w - j. List the prime factors of w.
2, 13
Let i(s) = s**2 - 3*s + 7. Let x be i(-4). Let b = x - 15. Suppose -b*y = -15*y - 150. What are the prime factors of y?
2, 3, 5
Suppose -9*v + 117644 = 12*v - 35593. List the prime factors of v.
7297
Let g = -1964 - -2437. List the prime factors of g.
11, 43
Let x(h) = -79*h**3 + h**2 - 125*h - 115. List the prime factors of x(-8).
3, 13799
Suppose 47*m = 44*m + 1125. Let i = 167 + m. List the prime factors of i.
2, 271
Let r = -238 - -426. Let s be (-3 - 10/(-4))/((-2)/r). Suppose -7*n + 23 = -s. List the prime factors of n.
2, 5
Let n(l) = -l**3 - 7*l**2 - 21*l - 13. Let d = -171 - -162. What are the prime factors of n(d)?
2, 13
Suppose -5*h - z = -22, 7*z = 4*z + 6. Let n(f) = 64*f**2 - f - 3. List the prime factors of n(h).
3, 113
Suppose -12*q = -105 - 15. Let k = q - 11. List the prime factors of 4*k/(-4) + 43 + -2.
2, 3, 7
Let a(c) = 84*c**2 - 652*c - 68. What are the prime factors of a(25)?
2, 3, 3011
What are the prime factors of 3/(-8) - (-177)/(-3304) - (-104121)/7?
2, 3, 37, 67
Let j = 2260 - 3213. Let t = j + 2347. What are the prime factors of t?
2, 17, 41
Suppose -4*s - 3*f + 139 = 0, s = -3*s + 4*f + 132. Let u be 1/(447/(-75) + 6). Suppose -4*y + 5*v + 303 = -s, u = -5*v. List the prime factors of y.
2, 3, 13
Let u(t) = -5*t**3 + 53*t**2 - 78*t + 103. Let h(s) = 14*s**3 - 157*s**2 + 231*s - 308. Let b(y) = 4*h(y) + 11*u(y). List the prime factors of b(44).
11, 79
Suppose -38*b - 127*b = -1853775. List the prime factors of b.
3, 5, 7, 107
Let r = -6982 - -12821. List the prime factors of r.
5839
Let r be ((-5)/2)/((-30)/(-72)). Let s = -8 + 4. List the prime factors of (s/r)/((-14210)/(-3549) - 4).
13
Let o(u) = u**2 - 5*u + 1. Let f be o(6). Let m(p) = -41*p**2 + 3 + 22*p**2 - 8*p + 2 + 21*p**2 + 14. List the prime factors of m(f).
61
Let x be 14*(-7 + 2 - (9 + 162/(-12))). Let r(h) = -5*h**2 - 13*h + 17. Let f(w) = -w**2 - w + 1. Let g(i) = -6*f(i) + r(i). What are the prime factors of g(x)?
109
Let m(i) = -8531*i + 2449. List the prime factors of m(-6).
5, 17, 631
Suppose -2*w + 1 = 3*x, 5*x + 5*w = w - 1. Suppose -2 = n - x*b - 3, -4*b = -4*n + 44. Suppose -15*h - 27 = -n*h. List the prime factors of h.
3
Let y = -44 + 56. Let x be (-1 - 3)/(3/1509 + 0). What are the prime factors of 4/y - x/12?
2, 3, 7
Let l(u) = 11*u**2 - 60*u - 7. What are the prime factors of l(-25)?
2, 523
Let q = -5003 + 23552. List the prime factors of q.
3, 229
Suppose -10 = 8*k - 13*k. Suppose -3*l + k*d = -5*l, 0 = -5*d - 10. Suppose 0 = -3*a + l*g + 76, -3*a = -7*a + 5*g + 106. What are the prime factors of a?
2, 3
Let z(j) = -2*j**3 - 14*j**2 - 14*j - 6. Let a be z(-6). What are the prime factors of (32/a)/(1/30)?
2, 5
Suppose v = 3*s + 42582, -170472 = -4*v + 212*s - 216*s. What are the prime factors of v?
3, 7, 2029
List the prime factors of (58090/8)/((-790)/(-632)).
37, 157
Let r = 1154 + -490. Let l = -383 + r. What are the prime factors of l?
281
Let t(w) = -w**3 - 35*w**2 - 5*w + 65. Let a = -244 + 209. What are the prime factors of t(a)?
2, 3, 5
List the prime factors of (-279)/((-14 - 0)/546).
3, 13, 31
Suppose 181*l - 85*l = 91*l + 87820. What a